factors of 1369027582.
2, 13, 52654907
What are the prime factors of 1541017726?
2, 9767, 78889
What are the prime factors of 864516243?
3, 773, 372797
List the prime factors of 2931174350.
2, 5, 13, 4509499
List the prime factors of 453653361.
3, 7, 353, 20399
List the prime factors of 42912391.
42912391
What are the prime factors of 6186989706?
2, 3, 37, 4423, 6301
List the prime factors of 1159360623.
3, 2551, 50497
What are the prime factors of 55637562?
2, 3, 9272927
What are the prime factors of 7176666?
2, 3, 7, 170873
What are the prime factors of 7254421?
7254421
List the prime factors of 2212883526.
2, 3, 7, 19, 2773037
List the prime factors of 104692538.
2, 79, 109, 6079
List the prime factors of 106760810.
2, 5, 13, 19, 43223
List the prime factors of 43219012.
2, 107, 241, 419
What are the prime factors of 238192477?
719, 331283
What are the prime factors of 176091166?
2, 269, 327307
What are the prime factors of 476701690?
2, 5, 109, 233, 1877
List the prime factors of 3225968137.
7, 89, 103, 50273
What are the prime factors of 734122396?
2, 7, 4289, 6113
What are the prime factors of 2761025641?
11, 17, 19, 777097
List the prime factors of 5611288.
2, 353, 1987
List the prime factors of 544650846.
2, 3, 19, 2027, 2357
What are the prime factors of 20233034?
2, 10116517
List the prime factors of 130767799.
2347, 55717
What are the prime factors of 178729931?
178729931
What are the prime factors of 7187775?
3, 5, 7, 13691
List the prime factors of 411771501.
3, 17, 2691317
What are the prime factors of 3589840944?
2, 3, 53, 5807
List the prime factors of 97926597.
3, 67, 54133
What are the prime factors of 164102596?
2, 7, 5860807
List the prime factors of 4893894197.
45707, 107071
List the prime factors of 93064102.
2, 37, 71, 17713
List the prime factors of 38643354.
2, 3, 2146853
List the prime factors of 71606535.
3, 5, 7, 11, 13, 19, 251
List the prime factors of 1742625147.
3, 19, 673, 45427
List the prime factors of 1374060319.
23, 61, 979373
List the prime factors of 2788112667.
3, 1483, 626683
List the prime factors of 177225431.
239, 277, 2677
What are the prime factors of 2179668280?
2, 5, 31, 43, 40879
What are the prime factors of 2239496947?
31, 72241837
List the prime factors of 458316654.
2, 3, 593, 128813
List the prime factors of 104921807.
17, 1439, 4289
What are the prime factors of 30224786?
2, 29, 43, 12119
List the prime factors of 2145154587.
3, 19, 37, 127, 8009
What are the prime factors of 72676767?
3, 19, 277, 4603
What are the prime factors of 142753291?
1031, 138461
What are the prime factors of 15207045?
3, 5, 7, 144829
List the prime factors of 45592857.
3, 43, 117811
List the prime factors of 28287373.
47, 59, 101
List the prime factors of 1597991167.
1487, 1074641
List the prime factors of 65100190.
2, 5, 6510019
List the prime factors of 185644376.
2, 3677, 6311
List the prime factors of 337620531.
3, 112540177
What are the prime factors of 27063422?
2, 17, 795983
List the prime factors of 7712783.
13, 593291
List the prime factors of 132025467.
3, 7, 6286927
What are the prime factors of 7016583652?
2, 13, 37, 43, 84811
What are the prime factors of 2183150343?
3, 11, 66156071
What are the prime factors of 199962083?
43, 4650281
What are the prime factors of 384084633?
3, 128028211
List the prime factors of 244550818.
2, 89, 1373881
What are the prime factors of 566647820?
2, 5, 29, 277, 3527
List the prime factors of 97822029.
3, 17, 1918079
What are the prime factors of 1853719913?
113, 1669, 9829
What are the prime factors of 244537317?
3, 739, 36767
What are the prime factors of 663794911?
13, 37, 1380031
List the prime factors of 467586562.
2, 233793281
What are the prime factors of 186608849?
7, 1103, 24169
What are the prime factors of 70155390?
2, 3, 5, 211, 11083
What are the prime factors of 1524845006?
2, 401, 433, 4391
What are the prime factors of 906315075?
3, 5, 73, 6131
List the prime factors of 1584796500.
2, 3, 5, 7, 50311
What are the prime factors of 1559727408?
2, 3, 97, 334993
What are the prime factors of 20405811?
3, 6801937
List the prime factors of 4849892168.
2, 11, 55112411
What are the prime factors of 7711083801?
3, 67, 12787867
List the prime factors of 3412335476.
2, 11, 19, 23, 177467
List the prime factors of 690650322.
2, 3, 101, 1139687
What are the prime factors of 53972632?
2, 7, 379, 2543
List the prime factors of 310036350.
2, 3, 5, 13, 158993
What are the prime factors of 4707546150?
2, 3, 5, 31383641
List the prime factors of 2528339877.
3, 7, 269, 21313
What are the prime factors of 143740077?
3, 13, 283511
List the prime factors of 4294438458.
2, 3, 6761, 105863
What are the prime factors of 4767052534?
2, 41, 131, 443777
List the prime factors of 79449406.
2, 23, 1727161
List the prime factors of 86727646.
2, 31, 43, 32531
List the prime factors of 50872216.
2, 983, 6469
What are the prime factors of 18344400?
2, 3, 5, 15287
What are the prime factors of 22948364?
2, 53, 108247
What are the prime factors of 291098761?
5701, 51061
List the prime factors of 141237888.
2, 3, 11, 29, 1153
List the prime factors of 70014.
2, 3, 7, 1667
List the prime factors of 224824406.
2, 47, 61, 39209
What are the prime factors of 455425691?
7, 23, 2828731
List the prime factors of 55155144.
2, 3, 11, 401, 521
What are the prime factors of 28414664?
2, 29, 122477
List the prime factors of 33067140.
2, 3, 5, 59, 9341
What are the prime factors of 1103817252?
2, 3, 41, 2243531
List the prime factors of 2917564338.
2, 3, 13, 5897, 6343
List the prime factors of 4758010336.
2, 148687823
List the prime factors of 2373482881.
7, 11, 107, 26189
List the prime factors of 108065721.
3, 31, 1161997
What are the prime factors of 1158803215?
5, 17, 13632979
What are the prime factors of 2764221482?
2, 11, 163, 770837
What are the prime factors of 409574149?
17, 67, 109, 3299
List the prime factors of 49686144.
2, 3, 47, 2753
List the prime factors of 2325427775.
5, 11, 73, 115837
List the prime factors of 326484528.
2, 3, 6801761
What are the prime factors of 8039138716?
2, 7, 19, 227, 66569
What are the prime factors of 1120384062?
2, 3, 7, 151, 727
List the prime factors of 680173004.
2, 7, 59, 411727
What are the prime factors of 42463512?
2, 3, 7, 13, 6481
What are the prime factors of 60382850?
2, 5, 11, 101, 1087
What are the prime factors of 3218141766?
2, 3, 7, 7829, 9787
What are the prime factors of 1470703340?
2, 5, 73535167
List the prime factors of 725683868.
2, 7, 13, 1993637
What are the prime factors of 23740348?
2, 19, 239, 1307
List the prime factors of 133102041.
3, 4363, 10169
List the prime factors of 2121911198.
2, 11, 3919, 24611
What are the prime factors of 347833457?
313, 1111289
What are the prime factors of 5588968?
2, 7, 11, 43, 211
What are the prime factors of 40297407?
3, 43, 312383
List the prime factors of 3488611.
7, 59, 8447
What are the prime factors of 3122756365?
5, 624551273
What are the prime factors of 157659781?
3037, 51913
List the prime factors of 18420116.
2, 11, 13, 32203
What are the prime factors of 59071437?
3, 19, 131, 293
List the prime factors of 49025397.
3, 23, 710513
List the prime factors of 1978211985.
3, 5, 131880799
What are the prime factors of 102795495?
3, 5, 11, 623003
What are the prime factors of 152815643?
71, 97, 22189
What are the prime factors of 11948355?
3, 5, 79, 3361
What are the prime factors of 1102805297?
11, 1487, 67421
List the prime factors of 144820269.
3, 11, 523, 2797
List the prime factors of 263154805.
5, 53, 993037
What are the prime factors of 32250645?
3, 5, 7, 43, 2381
What are the prime factors of 52873747?
52873747
What are the prime factors of 5073917817?
3, 1691305939
What are the prime factors of 141831929?
59, 2403931
What are the prime factors of 118222848?
2, 3, 1069
List the prime factors of 561021070.
2, 5, 83, 675929
List the prime factors of 18443213.
18443213
List the prime factors of 52758046.
2, 11, 61, 39313
What are the prime factors of 253115484?
2, 3, 21092957
What are the prime factors of 27386737?
7, 558913
What are the prime factors of 484105789?
2459, 196871
What are the prime factors of 113149351?
7, 19, 23, 47, 787
List the prime factors of 478155267.
3, 53128363